{"id":321,"date":"2021-10-29T09:09:34","date_gmt":"2021-10-29T09:09:34","guid":{"rendered":"https:\/\/kita-obertheres.de\/?page_id=321"},"modified":"2021-10-29T09:09:34","modified_gmt":"2021-10-29T09:09:34","slug":"religion","status":"publish","type":"page","link":"https:\/\/kita-obertheres.de\/?page_id=321","title":{"rendered":"Religion"},"content":{"rendered":"\n<p>Wir sind gerne eine Einrichtung in katholischer Tr\u00e4gerschaft. Die religi\u00f6se Erziehung der Kinder ist ein Schwerpunkt und Begleiter in dem wir den Jahreskreis lebendig und erlebbar machen, ohne aufdringlich zu sein.<\/p>\n\n\n\n<p>Das \u00e4u\u00dfert sich zum einen in unserem Glauben und zum anderen durch unser christliches Menschenbild und der \u00dcberzeugung- du bist gewollt- Gott ist f\u00fcr dich da- mit allen Vorz\u00fcgen und Fehlern, er hat dich lieb. \u00a0<\/p>\n\n\n\n<p><strong>Liebe Deinen N\u00e4chsten wie Dich selbst- Wir sind f\u00fcreinander da!<\/strong> <\/p>\n\n\n\n<p>Sich gegenseitig zu respektieren und Lebensfreude zu sp\u00fcren sind f\u00fcr uns unerl\u00e4ssliche Werte, die wir den Kindern in unserer doch so schnelllebigen Zeit vermitteln wollen. Unser Ziel ist es, durch unsere religionsp\u00e4dagogische Arbeit Halt und Orientierung zu bieten. Wir wollen das Kind st\u00e4rken, in schwierigen Situationen, immer wieder daran zu denken, wie wunderbar es ist.<\/p>\n","protected":false},"excerpt":{"rendered":"<p>Wir sind gerne eine Einrichtung in katholischer Tr\u00e4gerschaft. Die religi\u00f6se Erziehung der Kinder ist ein Schwerpunkt und Begleiter in dem wir den Jahreskreis lebendig und erlebbar machen, ohne aufdringlich zu sein. Das \u00e4u\u00dfert sich zum einen in unserem Glauben und [&hellip;]<\/p>\n","protected":false},"author":1,"featured_media":0,"parent":0,"menu_order":0,"comment_status":"closed","ping_status":"closed","template":"","meta":{"_coblocks_attr":"","_coblocks_dimensions":"","_coblocks_responsive_height":"","_coblocks_accordion_ie_support":"","footnotes":""},"class_list":["post-321","page","type-page","status-publish","hentry"],"_links":{"self":[{"href":"https:\/\/kita-obertheres.de\/index.php?rest_route=\/wp\/v2\/pages\/321"}],"collection":[{"href":"https:\/\/kita-obertheres.de\/index.php?rest_route=\/wp\/v2\/pages"}],"about":[{"href":"https:\/\/kita-obertheres.de\/index.php?rest_route=\/wp\/v2\/types\/page"}],"author":[{"embeddable":true,"href":"https:\/\/kita-obertheres.de\/index.php?rest_route=\/wp\/v2\/users\/1"}],"replies":[{"embeddable":true,"href":"https:\/\/kita-obertheres.de\/index.php?rest_route=%2Fwp%2Fv2%2Fcomments&post=321"}],"version-history":[{"count":1,"href":"https:\/\/kita-obertheres.de\/index.php?rest_route=\/wp\/v2\/pages\/321\/revisions"}],"predecessor-version":[{"id":322,"href":"https:\/\/kita-obertheres.de\/index.php?rest_route=\/wp\/v2\/pages\/321\/revisions\/322"}],"wp:attachment":[{"href":"https:\/\/kita-obertheres.de\/index.php?rest_route=%2Fwp%2Fv2%2Fmedia&parent=321"}],"curies":[{"name":"wp","href":"https:\/\/api.w.org\/{rel}","templated":true}]}}