{"id":287,"date":"2021-10-29T07:42:05","date_gmt":"2021-10-29T07:42:05","guid":{"rendered":"https:\/\/kita-obertheres.de\/?page_id=287"},"modified":"2026-03-02T18:55:05","modified_gmt":"2026-03-02T18:55:05","slug":"fruehstueck","status":"publish","type":"page","link":"https:\/\/kita-obertheres.de\/?page_id=287","title":{"rendered":"Fr\u00fchst\u00fcck"},"content":{"rendered":"\n<p>In unserer Kinderwirtschaft, kurz KiWi genannt, steht den Kindern in der Zeit von 8.00 Uhr bis 9.30 Uhr ein<br>abwechslungsreiches Fr\u00fchst\u00fccksb\u00fcfett mit einer gro\u00dfen Auswahl an M\u00fcsli, Haferflocken, Cornflakes, Joghurt, Frischmilch, Kn\u00e4ckebrot, Frischk\u00e4se, Obst- und Gem\u00fcsevariationen zur Verf\u00fcgung.<br>Regelm\u00e4\u00dfig wird einmal im Monat ein \u201eGESUND &amp; FIT\u201c Fr\u00fchst\u00fccksbuffet angeboten, welches mit einer Bewegungseinheit kombiniert wird.<br>In einer geselligen und willkommenen Atmosph\u00e4re k\u00f6nnen die Kinder den Tag<br>beginnen. Eine Erzieherin schneidet mit den Kindern, die morgens schon<br>da sind, Rohkost und Obst auf.<br>Die Kinder k\u00f6nnen selbst bestimmen was sie essen, mit wem sie am Tisch sitzen m\u00f6chten<br>und entscheiden nach Appetit und Lust auch die Dauer der Mahlzeit.<\/p>\n\n\n\n<div class=\"wp-block-media-text alignwide has-media-on-the-right is-stacked-on-mobile is-style-default\" style=\"grid-template-columns:auto 23%\"><div class=\"wp-block-media-text__content\">\n<p class=\"has-text-align-right\">Wir werden w\u00f6chentlich vom <strong><u>Demeterhof D\u00fcnninger aus Go\u00dfmannsdorf <\/u><\/strong>beliefert. Jogurt, Gem\u00fcse\/Obst, Haferflocken und M\u00fcsli sind aus biologisch zertifiziertem Anbau in DEMETER Qualit\u00e4t. <\/p>\n<\/div><figure class=\"wp-block-media-text__media\"><img loading=\"lazy\" decoding=\"async\" width=\"300\" height=\"162\" src=\"https:\/\/kita-obertheres.de\/wp-content\/uploads\/2021\/10\/emeter.jpg\" alt=\"\" class=\"wp-image-288 size-full\"\/><\/figure><\/div>\n\n\n\n<p><\/p>\n","protected":false},"excerpt":{"rendered":"<p>In unserer Kinderwirtschaft, kurz KiWi genannt, steht den Kindern in der Zeit von 8.00 Uhr bis 9.30 Uhr einabwechslungsreiches Fr\u00fchst\u00fccksb\u00fcfett mit einer gro\u00dfen Auswahl an M\u00fcsli, Haferflocken, Cornflakes, Joghurt, Frischmilch, Kn\u00e4ckebrot, Frischk\u00e4se, Obst- und Gem\u00fcsevariationen zur Verf\u00fcgung.Regelm\u00e4\u00dfig wird einmal im [&hellip;]<\/p>\n","protected":false},"author":1,"featured_media":0,"parent":0,"menu_order":0,"comment_status":"closed","ping_status":"closed","template":"","meta":{"_coblocks_attr":"","_coblocks_dimensions":"","_coblocks_responsive_height":"","_coblocks_accordion_ie_support":"","footnotes":""},"class_list":["post-287","page","type-page","status-publish","hentry"],"_links":{"self":[{"href":"https:\/\/kita-obertheres.de\/index.php?rest_route=\/wp\/v2\/pages\/287"}],"collection":[{"href":"https:\/\/kita-obertheres.de\/index.php?rest_route=\/wp\/v2\/pages"}],"about":[{"href":"https:\/\/kita-obertheres.de\/index.php?rest_route=\/wp\/v2\/types\/page"}],"author":[{"embeddable":true,"href":"https:\/\/kita-obertheres.de\/index.php?rest_route=\/wp\/v2\/users\/1"}],"replies":[{"embeddable":true,"href":"https:\/\/kita-obertheres.de\/index.php?rest_route=%2Fwp%2Fv2%2Fcomments&post=287"}],"version-history":[{"count":4,"href":"https:\/\/kita-obertheres.de\/index.php?rest_route=\/wp\/v2\/pages\/287\/revisions"}],"predecessor-version":[{"id":971,"href":"https:\/\/kita-obertheres.de\/index.php?rest_route=\/wp\/v2\/pages\/287\/revisions\/971"}],"wp:attachment":[{"href":"https:\/\/kita-obertheres.de\/index.php?rest_route=%2Fwp%2Fv2%2Fmedia&parent=287"}],"curies":[{"name":"wp","href":"https:\/\/api.w.org\/{rel}","templated":true}]}}